{"id":58,"date":"2024-11-23T13:50:19","date_gmt":"2024-11-23T12:50:19","guid":{"rendered":"https:\/\/sophrologie-yoga-vannes.fr\/?page_id=58"},"modified":"2026-01-31T15:41:37","modified_gmt":"2026-01-31T14:41:37","slug":"yoga-vannes","status":"publish","type":"page","link":"https:\/\/sophrologie-yoga-vannes.fr\/index.php\/yoga-vannes\/","title":{"rendered":"Yoga"},"content":{"rendered":"\t\t<div data-elementor-type=\"wp-page\" data-elementor-id=\"58\" class=\"elementor elementor-58\">\n\t\t\t\t<div class=\"elementor-element elementor-element-708a7a1 e-con-full e-flex e-con e-parent\" data-id=\"708a7a1\" data-element_type=\"container\" data-settings=\"{&quot;background_background&quot;:&quot;classic&quot;}\">\n\t\t\t\t<div class=\"elementor-element elementor-element-5f1751b elementor-widget elementor-widget-heading\" data-id=\"5f1751b\" data-element_type=\"widget\" data-widget_type=\"heading.default\">\n\t\t\t\t<div class=\"elementor-widget-container\">\n\t\t\t\t\t<h1 class=\"elementor-heading-title elementor-size-default\">LE YOGA A VANNES<\/h1>\t\t\t\t<\/div>\n\t\t\t\t<\/div>\n\t\t\t\t<\/div>\n\t\t<div class=\"elementor-element elementor-element-400bfd2 e-flex e-con-boxed e-con e-parent\" data-id=\"400bfd2\" data-element_type=\"container\" data-settings=\"{&quot;background_background&quot;:&quot;classic&quot;}\">\n\t\t\t\t\t<div class=\"e-con-inner\">\n\t\t\t\t<div class=\"elementor-element elementor-element-f05e636 elementor-widget elementor-widget-text-editor\" data-id=\"f05e636\" data-element_type=\"widget\" data-widget_type=\"text-editor.default\">\n\t\t\t\t<div class=\"elementor-widget-container\">\n\t\t\t\t\t\t\t\t\t<p><strong>T\u00e9l\u00e9phone :\u00a0 06 72 82 37 87\u00a0<\/strong><\/p>\t\t\t\t\t\t\t\t<\/div>\n\t\t\t\t<\/div>\n\t\t\t\t<div class=\"elementor-element elementor-element-e73afb6 elementor-widget elementor-widget-heading\" data-id=\"e73afb6\" data-element_type=\"widget\" data-widget_type=\"heading.default\">\n\t\t\t\t<div class=\"elementor-widget-container\">\n\t\t\t\t\t<h2 class=\"elementor-heading-title elementor-size-default\">COURS COLLECTIFS<\/h2>\t\t\t\t<\/div>\n\t\t\t\t<\/div>\n\t\t\t\t<div class=\"elementor-element elementor-element-1338d52 elementor-widget elementor-widget-text-editor\" data-id=\"1338d52\" data-element_type=\"widget\" data-widget_type=\"text-editor.default\">\n\t\t\t\t<div class=\"elementor-widget-container\">\n\t\t\t\t\t\t\t\t\t<p><span style=\"text-decoration: underline;\">Lundi<\/span> :<\/p>\n<ul>\n<li>15h00 \u00e0 16h30 : Yoga, relaxation m\u00e9ditation + seniors.<\/li>\n<li>18h00 \u00e0 19h30 : Yoga, relaxation m\u00e9ditation + seniors.<\/li>\n<\/ul>\n<p><span style=\"text-decoration: underline;\">Mercredi<\/span> :\u00a0<\/p>\n<ul>\n<li>19h45 \u00e0 21h15 : Yoga tous niveaux relaxation m\u00e9ditation.<\/li>\n<\/ul>\n<p><span style=\"text-decoration: underline;\">Jeudi<\/span> :<\/p>\n<ul>\n<li>18h00 \u00e0 19h30 : Yoga tous niveaux relaxation m\u00e9ditation.<\/li>\n<li>19h45 \u00e0 21h15 : Yoga tous niveaux relaxation m\u00e9ditation.<\/li>\n<\/ul>\t\t\t\t\t\t\t\t<\/div>\n\t\t\t\t<\/div>\n\t\t\t\t<div class=\"elementor-element elementor-element-71e01e1 elementor-align-center elementor-widget elementor-widget-button\" data-id=\"71e01e1\" data-element_type=\"widget\" data-widget_type=\"button.default\">\n\t\t\t\t<div class=\"elementor-widget-container\">\n\t\t\t\t\t\t\t\t\t<div class=\"elementor-button-wrapper\">\n\t\t\t\t\t<a class=\"elementor-button elementor-button-link elementor-size-sm\" href=\"https:\/\/sophrologie-yoga-vannes.fr\/index.php\/tarifs\/\">\n\t\t\t\t\t\t<span class=\"elementor-button-content-wrapper\">\n\t\t\t\t\t\t\t\t\t<span class=\"elementor-button-text\">Voir les tarifs<\/span>\n\t\t\t\t\t<\/span>\n\t\t\t\t\t<\/a>\n\t\t\t\t<\/div>\n\t\t\t\t\t\t\t\t<\/div>\n\t\t\t\t<\/div>\n\t\t\t\t\t<\/div>\n\t\t\t\t<\/div>\n\t\t<div class=\"elementor-element elementor-element-af4f951 e-flex e-con-boxed e-con e-parent\" data-id=\"af4f951\" data-element_type=\"container\" data-settings=\"{&quot;background_background&quot;:&quot;classic&quot;}\">\n\t\t\t\t\t<div class=\"e-con-inner\">\n\t\t\t\t<div class=\"elementor-element elementor-element-9260c22 elementor-widget elementor-widget-text-editor\" data-id=\"9260c22\" data-element_type=\"widget\" data-widget_type=\"text-editor.default\">\n\t\t\t\t<div class=\"elementor-widget-container\">\n\t\t\t\t\t\t\t\t\t<p><em>Explorez le yoga \u00e0 Vannes comme un art de vivre pour un \u00e9quilibre entre corps et esprit<\/em><\/p>\n<p>\u00a0<\/p>\t\t\t\t\t\t\t\t<\/div>\n\t\t\t\t<\/div>\n\t\t\t\t<div class=\"elementor-element elementor-element-7c83e65 elementor-widget elementor-widget-heading\" data-id=\"7c83e65\" data-element_type=\"widget\" data-widget_type=\"heading.default\">\n\t\t\t\t<div class=\"elementor-widget-container\">\n\t\t\t\t\t<h2 class=\"elementor-heading-title elementor-size-default\">DEFINITION ET ACTION<\/h2>\t\t\t\t<\/div>\n\t\t\t\t<\/div>\n\t\t\t\t<div class=\"elementor-element elementor-element-5e48a34 elementor-widget elementor-widget-text-editor\" data-id=\"5e48a34\" data-element_type=\"widget\" data-widget_type=\"text-editor.default\">\n\t\t\t\t<div class=\"elementor-widget-container\">\n\t\t\t\t\t\t\t\t\t<p>Le Yoga est un<strong> art de vivre<\/strong>, qui permet de se r\u00e9concilier avec <strong>soi-m\u00eame,\u00a0<\/strong>de s&#8217;unifier, de mieux se conna\u00eetre et d&#8217;\u00e9voluer sur tous les plans :\u00a0<\/p><ul><li><span style=\"text-decoration: underline;\"><strong>physique :<\/strong><\/span> la pratique des postures avec la respiration profonde att\u00e9nue les tensions musculaires, am\u00e9liore la souplesse et favorise l&#8217;\u00e9quilibre du syst\u00e8me nerveux. Son<strong> action<\/strong> positive sur la sant\u00e9 est <strong>puissante<\/strong> et <strong>durable<\/strong>.<\/li><li><b><span style=\"text-decoration: underline;\">mental :<\/span>\u00a0<\/b>l&#8217;harmonie entre le corps et le souffle, va permettre de<strong> stabiliser le mental<\/strong>, de<strong> l&#8217;apaiser<\/strong>. Les \u00e9l\u00e9ments de connaissance de soi, les conseils pour la relation \u00e0 soi-m\u00eame et aux autres guideront le pratiquant vers une meilleure acceptation de soi, une <strong>estime de soi<\/strong>.<\/li><li><span style=\"text-decoration: underline;\"><strong>\u00e9nerg\u00e9tique :<\/strong><\/span> l&#8217;ensemble des exercices physiques et respiratoires, la concentration de la pens\u00e9e stimulent et harmonisent la circulation de l&#8217;\u00e9nergie dans le corps.<\/li><li><span style=\"text-decoration: underline;\"><strong>spirituel :<\/strong><\/span> cheminer vers la paix int\u00e9rieure. Comprendre le sens de sa vie. Ecouter son coeur, son \u00e2me.<\/li><\/ul>\t\t\t\t\t\t\t\t<\/div>\n\t\t\t\t<\/div>\n\t\t\t\t\t<\/div>\n\t\t\t\t<\/div>\n\t\t<div class=\"elementor-element elementor-element-fb133df e-flex e-con-boxed e-con e-parent\" data-id=\"fb133df\" data-element_type=\"container\" data-settings=\"{&quot;background_background&quot;:&quot;classic&quot;}\">\n\t\t\t\t\t<div class=\"e-con-inner\">\n\t\t\t\t<div class=\"elementor-element elementor-element-1b79cde elementor-widget elementor-widget-image\" data-id=\"1b79cde\" data-element_type=\"widget\" data-widget_type=\"image.default\">\n\t\t\t\t<div class=\"elementor-widget-container\">\n\t\t\t\t\t\t\t\t\t\t\t\t\t\t\t<img fetchpriority=\"high\" decoding=\"async\" width=\"1024\" height=\"683\" src=\"https:\/\/sophrologie-yoga-vannes.fr\/wp-content\/uploads\/2025\/03\/AdobeStock_159472423-1024x683.jpg\" class=\"attachment-large size-large wp-image-484\" alt=\"\" srcset=\"https:\/\/sophrologie-yoga-vannes.fr\/wp-content\/uploads\/2025\/03\/AdobeStock_159472423-1024x683.jpg 1024w, https:\/\/sophrologie-yoga-vannes.fr\/wp-content\/uploads\/2025\/03\/AdobeStock_159472423-300x200.jpg 300w, https:\/\/sophrologie-yoga-vannes.fr\/wp-content\/uploads\/2025\/03\/AdobeStock_159472423-768x512.jpg 768w, https:\/\/sophrologie-yoga-vannes.fr\/wp-content\/uploads\/2025\/03\/AdobeStock_159472423.jpg 1242w\" sizes=\"(max-width: 1024px) 100vw, 1024px\" \/>\t\t\t\t\t\t\t\t\t\t\t\t\t\t\t<\/div>\n\t\t\t\t<\/div>\n\t\t\t\t\t<\/div>\n\t\t\t\t<\/div>\n\t\t\t\t<\/div>\n\t\t","protected":false},"excerpt":{"rendered":"<p>LE YOGA A VANNES T\u00e9l\u00e9phone :\u00a0 06 72 82 37 87\u00a0 COURS COLLECTIFS Lundi : 15h00 \u00e0 16h30 : Yoga, [&hellip;]<\/p>\n","protected":false},"author":1,"featured_media":0,"parent":0,"menu_order":0,"comment_status":"closed","ping_status":"closed","template":"","meta":{"site-sidebar-layout":"no-sidebar","site-content-layout":"","ast-site-content-layout":"full-width-container","site-content-style":"default","site-sidebar-style":"default","ast-global-header-display":"","ast-banner-title-visibility":"","ast-main-header-display":"","ast-hfb-above-header-display":"","ast-hfb-below-header-display":"","ast-hfb-mobile-header-display":"","site-post-title":"disabled","ast-breadcrumbs-content":"","ast-featured-img":"disabled","footer-sml-layout":"","theme-transparent-header-meta":"","adv-header-id-meta":"","stick-header-meta":"","header-above-stick-meta":"","header-main-stick-meta":"","header-below-stick-meta":"","astra-migrate-meta-layouts":"default","ast-page-background-enabled":"default","ast-page-background-meta":{"desktop":{"background-color":"var(--ast-global-color-4)","background-image":"","background-repeat":"repeat","background-position":"center center","background-size":"auto","background-attachment":"scroll","background-type":"","background-media":"","overlay-type":"","overlay-color":"","overlay-opacity":"","overlay-gradient":""},"tablet":{"background-color":"","background-image":"","background-repeat":"repeat","background-position":"center center","background-size":"auto","background-attachment":"scroll","background-type":"","background-media":"","overlay-type":"","overlay-color":"","overlay-opacity":"","overlay-gradient":""},"mobile":{"background-color":"","background-image":"","background-repeat":"repeat","background-position":"center center","background-size":"auto","background-attachment":"scroll","background-type":"","background-media":"","overlay-type":"","overlay-color":"","overlay-opacity":"","overlay-gradient":""}},"ast-content-background-meta":{"desktop":{"background-color":"var(--ast-global-color-5)","background-image":"","background-repeat":"repeat","background-position":"center center","background-size":"auto","background-attachment":"scroll","background-type":"","background-media":"","overlay-type":"","overlay-color":"","overlay-opacity":"","overlay-gradient":""},"tablet":{"background-color":"var(--ast-global-color-5)","background-image":"","background-repeat":"repeat","background-position":"center center","background-size":"auto","background-attachment":"scroll","background-type":"","background-media":"","overlay-type":"","overlay-color":"","overlay-opacity":"","overlay-gradient":""},"mobile":{"background-color":"var(--ast-global-color-5)","background-image":"","background-repeat":"repeat","background-position":"center center","background-size":"auto","background-attachment":"scroll","background-type":"","background-media":"","overlay-type":"","overlay-color":"","overlay-opacity":"","overlay-gradient":""}},"footnotes":""},"class_list":["post-58","page","type-page","status-publish","hentry"],"yoast_head":"<!-- This site is optimized with the Yoast SEO plugin v24.2 - https:\/\/yoast.com\/wordpress\/plugins\/seo\/ -->\n<title>Yoga - Sophrologie-Yoga Vannes<\/title>\n<meta name=\"description\" content=\"Explorez le yoga : un art de vivre pour \u00e9quilibrer corps et esprit, r\u00e9duire les tensions, renforcer l&#039;estime de soi et cheminer vers la paix.\" \/>\n<meta name=\"robots\" content=\"index, follow, max-snippet:-1, max-image-preview:large, max-video-preview:-1\" \/>\n<link rel=\"canonical\" href=\"https:\/\/sophrologie-yoga-vannes.fr\/index.php\/yoga-vannes\/\" \/>\n<meta property=\"og:locale\" content=\"en_US\" \/>\n<meta property=\"og:type\" content=\"article\" \/>\n<meta property=\"og:title\" content=\"Yoga - Sophrologie-Yoga Vannes\" \/>\n<meta property=\"og:description\" content=\"Explorez le yoga : un art de vivre pour \u00e9quilibrer corps et esprit, r\u00e9duire les tensions, renforcer l&#039;estime de soi et cheminer vers la paix.\" \/>\n<meta property=\"og:url\" content=\"https:\/\/sophrologie-yoga-vannes.fr\/index.php\/yoga-vannes\/\" \/>\n<meta property=\"og:site_name\" content=\"Sophrologie-Yoga Vannes\" \/>\n<meta property=\"article:modified_time\" content=\"2026-01-31T14:41:37+00:00\" \/>\n<meta property=\"og:image\" content=\"https:\/\/sophrologie-yoga-vannes.fr\/wp-content\/uploads\/2025\/03\/AdobeStock_159472423.jpg\" \/>\n\t<meta property=\"og:image:width\" content=\"1242\" \/>\n\t<meta property=\"og:image:height\" content=\"828\" \/>\n\t<meta property=\"og:image:type\" content=\"image\/jpeg\" \/>\n<meta name=\"twitter:card\" content=\"summary_large_image\" \/>\n<meta name=\"twitter:label1\" content=\"Est. reading time\" \/>\n\t<meta name=\"twitter:data1\" content=\"2 minutes\" \/>\n<script type=\"application\/ld+json\" class=\"yoast-schema-graph\">{\"@context\":\"https:\/\/schema.org\",\"@graph\":[{\"@type\":\"WebPage\",\"@id\":\"https:\/\/sophrologie-yoga-vannes.fr\/index.php\/yoga-vannes\/\",\"url\":\"https:\/\/sophrologie-yoga-vannes.fr\/index.php\/yoga-vannes\/\",\"name\":\"Yoga - Sophrologie-Yoga Vannes\",\"isPartOf\":{\"@id\":\"https:\/\/sophrologie-yoga-vannes.fr\/#website\"},\"primaryImageOfPage\":{\"@id\":\"https:\/\/sophrologie-yoga-vannes.fr\/index.php\/yoga-vannes\/#primaryimage\"},\"image\":{\"@id\":\"https:\/\/sophrologie-yoga-vannes.fr\/index.php\/yoga-vannes\/#primaryimage\"},\"thumbnailUrl\":\"http:\/\/sophrologie-yoga-vannes.fr\/wp-content\/uploads\/2025\/03\/AdobeStock_159472423-1024x683.jpg\",\"datePublished\":\"2024-11-23T12:50:19+00:00\",\"dateModified\":\"2026-01-31T14:41:37+00:00\",\"description\":\"Explorez le yoga : un art de vivre pour \u00e9quilibrer corps et esprit, r\u00e9duire les tensions, renforcer l'estime de soi et cheminer vers la paix.\",\"breadcrumb\":{\"@id\":\"https:\/\/sophrologie-yoga-vannes.fr\/index.php\/yoga-vannes\/#breadcrumb\"},\"inLanguage\":\"en-US\",\"potentialAction\":[{\"@type\":\"ReadAction\",\"target\":[\"https:\/\/sophrologie-yoga-vannes.fr\/index.php\/yoga-vannes\/\"]}]},{\"@type\":\"ImageObject\",\"inLanguage\":\"en-US\",\"@id\":\"https:\/\/sophrologie-yoga-vannes.fr\/index.php\/yoga-vannes\/#primaryimage\",\"url\":\"https:\/\/sophrologie-yoga-vannes.fr\/wp-content\/uploads\/2025\/03\/AdobeStock_159472423.jpg\",\"contentUrl\":\"https:\/\/sophrologie-yoga-vannes.fr\/wp-content\/uploads\/2025\/03\/AdobeStock_159472423.jpg\",\"width\":1242,\"height\":828},{\"@type\":\"BreadcrumbList\",\"@id\":\"https:\/\/sophrologie-yoga-vannes.fr\/index.php\/yoga-vannes\/#breadcrumb\",\"itemListElement\":[{\"@type\":\"ListItem\",\"position\":1,\"name\":\"Accueil\",\"item\":\"https:\/\/sophrologie-yoga-vannes.fr\/\"},{\"@type\":\"ListItem\",\"position\":2,\"name\":\"Yoga\"}]},{\"@type\":\"WebSite\",\"@id\":\"https:\/\/sophrologie-yoga-vannes.fr\/#website\",\"url\":\"https:\/\/sophrologie-yoga-vannes.fr\/\",\"name\":\"sophrologie-yoga-vannes\",\"description\":\"Un site utilisant WordPress\",\"publisher\":{\"@id\":\"https:\/\/sophrologie-yoga-vannes.fr\/#\/schema\/person\/f55de37949b1becf1c1ac8b394e83fb1\"},\"potentialAction\":[{\"@type\":\"SearchAction\",\"target\":{\"@type\":\"EntryPoint\",\"urlTemplate\":\"https:\/\/sophrologie-yoga-vannes.fr\/?s={search_term_string}\"},\"query-input\":{\"@type\":\"PropertyValueSpecification\",\"valueRequired\":true,\"valueName\":\"search_term_string\"}}],\"inLanguage\":\"en-US\"},{\"@type\":[\"Person\",\"Organization\"],\"@id\":\"https:\/\/sophrologie-yoga-vannes.fr\/#\/schema\/person\/f55de37949b1becf1c1ac8b394e83fb1\",\"name\":\"Jean-Pierre\",\"image\":{\"@type\":\"ImageObject\",\"inLanguage\":\"en-US\",\"@id\":\"https:\/\/sophrologie-yoga-vannes.fr\/#\/schema\/person\/image\/\",\"url\":\"https:\/\/sophrologie-yoga-vannes.fr\/wp-content\/uploads\/2024\/11\/LOGO.png\",\"contentUrl\":\"https:\/\/sophrologie-yoga-vannes.fr\/wp-content\/uploads\/2024\/11\/LOGO.png\",\"width\":148,\"height\":148,\"caption\":\"Jean-Pierre\"},\"logo\":{\"@id\":\"https:\/\/sophrologie-yoga-vannes.fr\/#\/schema\/person\/image\/\"},\"sameAs\":[\"http:\/\/sophrologie-yoga-vannes.fr\"]}]}<\/script>\n<!-- \/ Yoast SEO plugin. -->","yoast_head_json":{"title":"Yoga - Sophrologie-Yoga Vannes","description":"Explorez le yoga : un art de vivre pour \u00e9quilibrer corps et esprit, r\u00e9duire les tensions, renforcer l'estime de soi et cheminer vers la paix.","robots":{"index":"index","follow":"follow","max-snippet":"max-snippet:-1","max-image-preview":"max-image-preview:large","max-video-preview":"max-video-preview:-1"},"canonical":"https:\/\/sophrologie-yoga-vannes.fr\/index.php\/yoga-vannes\/","og_locale":"en_US","og_type":"article","og_title":"Yoga - Sophrologie-Yoga Vannes","og_description":"Explorez le yoga : un art de vivre pour \u00e9quilibrer corps et esprit, r\u00e9duire les tensions, renforcer l'estime de soi et cheminer vers la paix.","og_url":"https:\/\/sophrologie-yoga-vannes.fr\/index.php\/yoga-vannes\/","og_site_name":"Sophrologie-Yoga Vannes","article_modified_time":"2026-01-31T14:41:37+00:00","og_image":[{"width":1242,"height":828,"url":"https:\/\/sophrologie-yoga-vannes.fr\/wp-content\/uploads\/2025\/03\/AdobeStock_159472423.jpg","type":"image\/jpeg"}],"twitter_card":"summary_large_image","twitter_misc":{"Est. reading time":"2 minutes"},"schema":{"@context":"https:\/\/schema.org","@graph":[{"@type":"WebPage","@id":"https:\/\/sophrologie-yoga-vannes.fr\/index.php\/yoga-vannes\/","url":"https:\/\/sophrologie-yoga-vannes.fr\/index.php\/yoga-vannes\/","name":"Yoga - Sophrologie-Yoga Vannes","isPartOf":{"@id":"https:\/\/sophrologie-yoga-vannes.fr\/#website"},"primaryImageOfPage":{"@id":"https:\/\/sophrologie-yoga-vannes.fr\/index.php\/yoga-vannes\/#primaryimage"},"image":{"@id":"https:\/\/sophrologie-yoga-vannes.fr\/index.php\/yoga-vannes\/#primaryimage"},"thumbnailUrl":"http:\/\/sophrologie-yoga-vannes.fr\/wp-content\/uploads\/2025\/03\/AdobeStock_159472423-1024x683.jpg","datePublished":"2024-11-23T12:50:19+00:00","dateModified":"2026-01-31T14:41:37+00:00","description":"Explorez le yoga : un art de vivre pour \u00e9quilibrer corps et esprit, r\u00e9duire les tensions, renforcer l'estime de soi et cheminer vers la paix.","breadcrumb":{"@id":"https:\/\/sophrologie-yoga-vannes.fr\/index.php\/yoga-vannes\/#breadcrumb"},"inLanguage":"en-US","potentialAction":[{"@type":"ReadAction","target":["https:\/\/sophrologie-yoga-vannes.fr\/index.php\/yoga-vannes\/"]}]},{"@type":"ImageObject","inLanguage":"en-US","@id":"https:\/\/sophrologie-yoga-vannes.fr\/index.php\/yoga-vannes\/#primaryimage","url":"https:\/\/sophrologie-yoga-vannes.fr\/wp-content\/uploads\/2025\/03\/AdobeStock_159472423.jpg","contentUrl":"https:\/\/sophrologie-yoga-vannes.fr\/wp-content\/uploads\/2025\/03\/AdobeStock_159472423.jpg","width":1242,"height":828},{"@type":"BreadcrumbList","@id":"https:\/\/sophrologie-yoga-vannes.fr\/index.php\/yoga-vannes\/#breadcrumb","itemListElement":[{"@type":"ListItem","position":1,"name":"Accueil","item":"https:\/\/sophrologie-yoga-vannes.fr\/"},{"@type":"ListItem","position":2,"name":"Yoga"}]},{"@type":"WebSite","@id":"https:\/\/sophrologie-yoga-vannes.fr\/#website","url":"https:\/\/sophrologie-yoga-vannes.fr\/","name":"sophrologie-yoga-vannes","description":"Un site utilisant WordPress","publisher":{"@id":"https:\/\/sophrologie-yoga-vannes.fr\/#\/schema\/person\/f55de37949b1becf1c1ac8b394e83fb1"},"potentialAction":[{"@type":"SearchAction","target":{"@type":"EntryPoint","urlTemplate":"https:\/\/sophrologie-yoga-vannes.fr\/?s={search_term_string}"},"query-input":{"@type":"PropertyValueSpecification","valueRequired":true,"valueName":"search_term_string"}}],"inLanguage":"en-US"},{"@type":["Person","Organization"],"@id":"https:\/\/sophrologie-yoga-vannes.fr\/#\/schema\/person\/f55de37949b1becf1c1ac8b394e83fb1","name":"Jean-Pierre","image":{"@type":"ImageObject","inLanguage":"en-US","@id":"https:\/\/sophrologie-yoga-vannes.fr\/#\/schema\/person\/image\/","url":"https:\/\/sophrologie-yoga-vannes.fr\/wp-content\/uploads\/2024\/11\/LOGO.png","contentUrl":"https:\/\/sophrologie-yoga-vannes.fr\/wp-content\/uploads\/2024\/11\/LOGO.png","width":148,"height":148,"caption":"Jean-Pierre"},"logo":{"@id":"https:\/\/sophrologie-yoga-vannes.fr\/#\/schema\/person\/image\/"},"sameAs":["http:\/\/sophrologie-yoga-vannes.fr"]}]}},"_links":{"self":[{"href":"https:\/\/sophrologie-yoga-vannes.fr\/index.php\/wp-json\/wp\/v2\/pages\/58","targetHints":{"allow":["GET"]}}],"collection":[{"href":"https:\/\/sophrologie-yoga-vannes.fr\/index.php\/wp-json\/wp\/v2\/pages"}],"about":[{"href":"https:\/\/sophrologie-yoga-vannes.fr\/index.php\/wp-json\/wp\/v2\/types\/page"}],"author":[{"embeddable":true,"href":"https:\/\/sophrologie-yoga-vannes.fr\/index.php\/wp-json\/wp\/v2\/users\/1"}],"replies":[{"embeddable":true,"href":"https:\/\/sophrologie-yoga-vannes.fr\/index.php\/wp-json\/wp\/v2\/comments?post=58"}],"version-history":[{"count":44,"href":"https:\/\/sophrologie-yoga-vannes.fr\/index.php\/wp-json\/wp\/v2\/pages\/58\/revisions"}],"predecessor-version":[{"id":567,"href":"https:\/\/sophrologie-yoga-vannes.fr\/index.php\/wp-json\/wp\/v2\/pages\/58\/revisions\/567"}],"wp:attachment":[{"href":"https:\/\/sophrologie-yoga-vannes.fr\/index.php\/wp-json\/wp\/v2\/media?parent=58"}],"curies":[{"name":"wp","href":"https:\/\/api.w.org\/{rel}","templated":true}]}}